 357 = 5*t, d = 3*p - 6. Is t composite?
True
Is (5 - -3142)*2/6 composite?
False
Is (-42)/(-3 + 6)*628/(-8) prime?
False
Suppose -2727 = -3*t + 3*m, -4*m - m = -20. Is t a composite number?
True
Let c(k) = -k**3 + 9*k**2 - 3*k + 2. Let h(i) = i**2 + 10*i - 1. Let t be h(-11). Let f be c(t). Let o = -45 - f. Is o prime?
True
Let l(q) = 9*q**2 - q + 1. Suppose -4*v - m = -5 - 6, 0 = -2*v + 2*m + 8. Suppose 0*f + v*f = p + 12, 3*f = 5*p. Is l(p) a composite number?
False
Let t(c) be the first derivative of -23/2*c**2 - 2 + 7*c. Is t(-8) a composite number?
False
Let b(q) = -13*q**2 + 23*q + 9. Suppose 3*h - 23 = -5. Let c(n) = 7*n**2 - 12*n - 5. Let d(z) = h*b(z) + 11*c(z). Is d(4) a composite number?
False
Let p(i) = 20*i**2 - 5*i - 4. Let s be p(-3). Let w be 129*5/(-10) + 2/4. Let b = w + s. Is b a composite number?
False
Let r = 945 + -472. Is r a prime number?
False
Is -1*(-399 - 4)*1 composite?
True
Suppose 0 = -d + 3*p - p - 1, 0 = 3*d - 5*p - 2. Let g be (-344)/(-72) + 2/d. Suppose -j = g - 44. Is j a composite number?
True
Let x = 16 + 20. Is 1 - -100 - x/9 a prime number?
True
Let o(j) = -9*j**2 + 1 - 2 + 25*j**2 + 17*j**2 + j. Is o(1) composite?
True
Suppose 5*a - 7965 = -4*r, -2*r + 4236 = 4*a - 2130. Is a a prime number?
False
Suppose -3*u + 195 = 2*u. Suppose -28 = -a + u. Is a composite?
False
Suppose 5*n - 1 = 4*k - 11, -5*k + 4*n + 8 = 0. Let p(j) = j**3 + 1. Let a be p(-1). Suppose k = s - q + 12 - 80, -s - 5*q + 62 = a. Is s a prime number?
True
Suppose 5*r - 5*y - 15 = 0, -3*r - 3*y + 39 = -0*r. Let o = -6 + r. Suppose 55 = -o*z + 3*z. Is z composite?
True
Suppose -4*r - 2*q = 0, 0 = -r - 2*q - 1 + 4. Let h be 86 - 6/2*r. Suppose 2*t = 3*t - h. Is t a composite number?
False
Suppose -4*i + 3*c + 62 + 28 = 0, -3*c + 78 = 4*i. Suppose 21 = q - i. Suppose -91 = -4*n - 5*w + 72, -w + q = n. Is n composite?
False
Suppose 3*u + 47 = 4*u. Is u a prime number?
True
Let f = 1722 + -1165. Is f composite?
False
Let g be (-2)/(-4)*(8 + -2). Suppose 0 = g*w - w - 1594. Is w composite?
False
Suppose 1840 = 5*b + 5*j, 0 = 5*b - 2*b + 5*j - 1098. Is b a prime number?
False
Let m(a) = 2*a. Suppose -d + 4*v = -18, 0 = -4*d - 4*v - 1 - 7. Let p be m(d). Is 307/p + 3/12 a prime number?
False
Let z(q) = -q. Let s be 3 + 0 + 0/3. Let w(a) = -2*a**2 + a - 1. Let n(t) = s*z(t) - w(t). Is n(5) composite?
False
Let h = 4 + -12. Let n(x) = -x**3 - 7*x**2 + 8*x + 4. Let k be n(h). Suppose 4*g - k*s - 64 = 0, 50 = 4*g + g + 5*s. Is g composite?
False
Suppose 4*d - 1 = 7. Is d + 26*9 + -1 composite?
True
Let y(r) = -r**3 + 4*r**2 + 2*r - 6. Let j = 6 - 2. Let a be y(j). Suppose n + 37 = a*n. Is n prime?
True
Let c = -372 + 550. Is c a composite number?
True
Suppose 3*m = -b + 13, -b = b - 2*m - 26. Let s = 18 - b. Suppose 2*h + 273 = s*h. Is h prime?
False
Suppose -44 - 4 = 2*x. Suppose 3*t = -15, p + 72 = -4*t + 2. Let j = x - p. Is j a composite number?
True
Let n(x) = 5*x**2 - 2*x - 2. Is n(2) composite?
True
Let g be 2/9 + 11/(-9). Let u be g + (-5)/(10/84). Let w = u + 68. Is w prime?
False
Let o(k) = -k**3 - k + 89. Is o(0) composite?
False
Suppose -7 = -3*q - 1. Suppose 0 = -w - 2*h - 2*h + 45, -q*w + 99 = -h. Is w a composite number?
True
Let q(k) = 75*k**2 + 8*k + 13. Is q(-4) a composite number?
False
Let t = 14 + -9. Suppose -t*a - 8 = -38. Suppose a*v = 3*v + 429. Is v a prime number?
False
Suppose 2*l + 770 = 2*n, -n + 3*n = 3*l + 1154. Let m = l + 691. Is m composite?
False
Let c be (-4)/6 + 449/3. Suppose -c = 3*d - 452. Is (-1)/4 - d/(-4) a composite number?
True
Suppose -4*p = -2*p - 2582. Is p a composite number?
False
Let i be 0*(-3)/(6/1). Let k = 3 + -5. Is 203 - (2 + i) - k prime?
False
Let w(o) = 350*o**2 + o - 23. Is w(4) a composite number?
False
Let v = 112 + -28. Let i = v + 55. Is i a prime number?
True
Let m(u) = -2*u + 5. Let b be m(-9). Let s = b + -2. Is s prime?
False
Suppose -5*o + 1855 = 4*g, -4*g + 30 + 1083 = 3*o. Is o a composite number?
True
Let y(l) = -l**3 - 12*l**2 + 15*l + 13. Let f be y(-13). Suppose v - 2*n = 6*v - 338, 4*v - 271 = -n. Let q = f + v. Is q composite?
True
Suppose -w - 8 = 3*w. Let h(i) = -3*i**3 + 4*i**2 + 4*i + 3. Is h(w) a composite number?
True
Let n be (-3)/5 - (-32)/20. Let s(v) = -38*v - 1. Let i be s(-1). Is i*(1 + (n - 1)) a prime number?
True
Suppose 0 = -o + l + 21 + 79, -4*o + 5*l + 405 = 0. Is o a prime number?
False
Let n(w) = -7*w + 4. Let l = -21 - -18. Is n(l) a composite number?
True
Is (-4)/(-6) + (0 - 5601/(-9)) a prime number?
False
Let d = -8 + 11. Suppose -2*c + 295 = 5*h, 2*c = -3*h + d*c + 177. Is h a prime number?
True
Let s be 1728/5 - 9/15. Suppose 0 = 2*p - 5*p + s. Is p prime?
False
Let n = 4576 + -2777. Is n prime?
False
Suppose 3*t = 2*c - 0*t - 431, -5*t = -2*c + 437. Is c composite?
False
Suppose -32 = -2*i + 3*t, 8*t - 48 = -3*i + 3*t. Suppose -y = y - i. Suppose -4*v = -5*k - 71, 0 = 2*v - k - 45 + y. Is v prime?
True
Suppose -3*h - 15 = 0, 2*j + 7 = -2*j - 3*h. Let n be (-10)/(-6) - j/3. Is 12 + (2 - n) + -2 prime?
True
Let f = -11 + -11. Let v(w) = 19*w + 13. Let s be v(-6). Let x = f - s. Is x prime?
True
Let s be (4/4 - 1)/(-2). Suppose -8*p + 4*p + 364 = s. Is p a composite number?
True
Let h(f) = f**2 + 4. Let i be 7/(-2) + 4/8. Is h(i) prime?
True
Let g(y) be the first derivative of 5*y**4 + y**3/3 - y**2/2 + y + 2. Is g(1) composite?
True
Let p = 446 + -115. Is p prime?
True
Suppose -14 - 4 = -3*k. Suppose 2*m - k + 389 = 3*i, 379 = 3*i + 2*m. Is i a composite number?
False
Suppose -3*c + 0*c - 25 = -2*q, 10 = 5*q. Let x = -14 - c. Let n(w) = w**3 + 7*w**2 - 3*w + 1. Is n(x) composite?
True
Let c(q) = q**2 + 1. Let a be c(-1). Let v(b) = -2*b. Let x be v(a). Let k(g) = -24*g - 5. Is k(x) prime?
False
Suppose 16*b - 20*b + 20 = 0. Suppose -b*z + 870 = -2275. Is z prime?
False
Suppose 0 = r + 3, c + 3*c + 5*r - 2245 = 0. Is c a composite number?
True
Let z be 7 - (4/(-1))/(-2). Suppose 2*q + z*f - 417 = -2*q, 107 = q + 4*f. Is q a composite number?
False
Suppose -5*y = 5*k - 54 - 71, k - 19 = 5*y. Let j = k - 12. Let g = 47 - j. Is g prime?
False
Let o(u) = -u**3 - u + 4. Let m be o(0). Suppose -h + m*h = 9. Suppose 3*x - 3 = 0, -5*x - 202 = -4*t - h*x. Is t prime?
False
Suppose 39*y = 34*y + 2045. Is y prime?
True
Let q(j) = 59*j - 2. Is q(1) a composite number?
True
Suppose 0 = -4*p + 3*c + 568, 0*p + 294 = 2*p + c. Is p composite?
True
Suppose 29*v - 835 = 24*v. Is v prime?
True
Suppose 5*l + 4*b = 437, -5*l - 5*b + 56 + 379 = 0. Is l composite?
False
Suppose 5 = -s - 4*a + 14, -22 = -4*s - 2*a. Suppose p = 6*p + s. Is 1 + 56 - (p - -3) a composite number?
True
Let w be -1 + 2 + -4 + 0. Let l be ((-448)/(-6))/(4/(-24)). Is l/w - 4/12 composite?
False
Is -13641*3/(-3 - 6) composite?
False
Let y(n) = -19*n - 4 - 6 + 5. Is y(-4) prime?
True
Suppose 0 = -p - 3*v + 26, -3*p + 82 = -p - 4*v. Let f = p + 62. Suppose -4*q - 9 = -f. Is q a prime number?
False
Let l = 140 - 208. Let b = -3 - l. Is b a composite number?
True
Let v = 628 + 421. Is v composite?
False
Let f(s) be the second derivative of s**4/12 + s**3 - 3*s**2/2 + s. Is f(6) prime?
False
Let s(n) = n**3 - 5*n**2 + n - 6. Let l be s(5). Let d = 4 + l. Suppose -4*q - d*i + 464 = 0, -3*q + 0*i - 5*i + 359 = 0. Is q prime?
True
Let d be (-270)/(-33) - (-2)/(-11). Is (-10 + d)*335/(-2) a composite number?
True
Suppose 620 = -0*d + 2*d. Is (-27)/18*d/(-3) prime?
False
Let t = -147 + 596. Is t composite?
False
Let t = -3200 + 4735. Is t composite?
True
Let j(w) = -6*w + 0 + 0*w**2 + 1 + 6 + 6*w**2. Is j(5) composite?
False
Let d(u) be the second derivative of u**4/12 - u**3/3 + 161*u**2/2 - 8*u. Is d(0) a prime number?
False
Let z = -88 + 431. Suppose -p = c - z, -c - 2*c - 1017 = -3*p. Is p a prime number?
False
Let s = 762 + -539. Is s a prime number?
True
Let j = 32 - 22. Suppose c - j = -2*c - 5*g, -3*c = -2*g + 25. Let m = 21 - c. Is m prime?
False
Is ((-20)/4 - -219) + (-3 - 0) prime?
True
Is 1 + (7 - 8) + (-106)/(-2) a prime number?
True
Let c(f) = -138*f + 13. Let n be c(-7). Let u = -302 + n. Is u a composite number?
False
Let l be (124/(-5))/((-4)/10). Suppose a - 3*a = -l. Is a prime?
True
Suppose -3*n = 1 - 13. Suppose 0 = n*t - 8 - 8. Suppose 5*p = -t*f + 356, -3*f + 267 = -0*f + 2*p. Is